{"id":10,"date":"2023-11-07T00:01:14","date_gmt":"2023-11-07T00:01:14","guid":{"rendered":"https:\/\/constructoraedimak.cl\/?page_id=10"},"modified":"2025-08-28T21:34:08","modified_gmt":"2025-08-28T21:34:08","slug":"inicio","status":"publish","type":"page","link":"https:\/\/constructoraedimak.cl\/","title":{"rendered":"INICIO"},"content":{"rendered":"\n<div class=\"wp-block-group alignfull has-background-background-color has-background\" style=\"margin-top:0;margin-bottom:0;padding-top:0\"><div class=\"wp-block-group__inner-container is-layout-constrained wp-block-group-is-layout-constrained\">\n<div class=\"wp-block-cover alignfull is-light ext-import\"><img loading=\"lazy\" decoding=\"async\" width=\"1920\" height=\"1080\" class=\"wp-block-cover__image-background wp-image-277 img-responsive\" alt=\"\" src=\"https:\/\/constructoraedimak.cl\/wp-content\/uploads\/2023\/11\/thumbnail_20141025_080443.jpg\" data-object-fit=\"cover\" srcset=\"https:\/\/constructoraedimak.cl\/wp-content\/uploads\/2023\/11\/thumbnail_20141025_080443.jpg 1920w, https:\/\/constructoraedimak.cl\/wp-content\/uploads\/2023\/11\/thumbnail_20141025_080443-300x169.jpg 300w, https:\/\/constructoraedimak.cl\/wp-content\/uploads\/2023\/11\/thumbnail_20141025_080443-1024x576.jpg 1024w, https:\/\/constructoraedimak.cl\/wp-content\/uploads\/2023\/11\/thumbnail_20141025_080443-768x432.jpg 768w, https:\/\/constructoraedimak.cl\/wp-content\/uploads\/2023\/11\/thumbnail_20141025_080443-1536x864.jpg 1536w, https:\/\/constructoraedimak.cl\/wp-content\/uploads\/2023\/11\/thumbnail_20141025_080443-750x422.jpg 750w\" sizes=\"auto, (max-width: 1920px) 100vw, 1920px\" \/><span aria-hidden=\"true\" class=\"wp-block-cover__background has-black-background-color has-background-dim-20 has-background-dim\"><\/span><div class=\"wp-block-cover__inner-container is-layout-flow wp-block-cover-is-layout-flow\">\n<div class=\"wp-block-group\" style=\"padding-top:var(--wp--preset--spacing--80);padding-bottom:var(--wp--preset--spacing--80)\"><div class=\"wp-block-group__inner-container is-layout-constrained wp-block-group-is-layout-constrained\">\n<div class=\"wp-block-group alignwide is-content-justification-center\"><div class=\"wp-block-group__inner-container is-layout-constrained wp-block-group-is-layout-constrained\">\n<h4 class=\"wp-block-heading has-text-align-center has-white-color has-text-color has-medium-font-size\" style=\"font-style:normal;font-weight:400\">INNOVAMOS PARA <\/h4>\n\n\n\n<h1 class=\"wp-block-heading has-text-align-center has-white-color has-text-color has-x-large-font-size\" style=\"margin-top:12px;font-style:normal;font-weight:400\">CONSTRUIR Y HABITAR<\/h1>\n\n\n\n<p class=\"has-text-align-center has-white-color has-text-color\" style=\"margin-top:16px;font-style:normal;font-weight:400\"><strong>Dimensionamos para urbanizar,&nbsp;dise\u00f1amos para una vida mejor, construimos, para hacerlo parte de su realidad.<\/strong><\/p>\n\n\n\n<div class=\"wp-block-buttons is-content-justification-center is-layout-flex wp-container-core-buttons-is-layout-a0be7b9c wp-block-buttons-is-layout-flex\" style=\"margin-top:var(--wp--preset--spacing--40)\">\n<div class=\"wp-block-button has-custom-width wp-block-button__width-50 is-style-fill\"><a class=\"wp-block-button__link has-luminous-vivid-orange-background-color has-background has-small-font-size has-custom-font-size wp-element-button\" href=\"mailto:contacto@constructoraedimak.cl\"><strong><mark style=\"background-color:rgba(0, 0, 0, 0)\" class=\"has-inline-color has-white-color\">CONTACTO<\/mark><\/strong><\/a><\/div>\n<\/div>\n<\/div><\/div>\n<\/div><\/div>\n<\/div><\/div>\n<\/div><\/div>\n\n\n\n<div class=\"wp-block-group alignfull has-background-background-color has-background\" style=\"margin-top:0;margin-bottom:0;padding-top:var(--wp--preset--spacing--60);padding-right:var(--wp--preset--spacing--30);padding-bottom:var(--wp--preset--spacing--60);padding-left:var(--wp--preset--spacing--30)\"><div class=\"wp-block-group__inner-container is-layout-constrained wp-container-core-group-is-layout-392eb801 wp-block-group-is-layout-constrained\">\n<div class=\"wp-block-group alignwide is-content-justification-center\"><div class=\"wp-block-group__inner-container is-layout-constrained wp-block-group-is-layout-constrained\">\n<h3 class=\"wp-block-heading has-text-align-center has-large-font-size\">Nuestros Servicios<\/h3>\n<\/div><\/div>\n\n\n\n<p><\/p>\n\n\n\n<div class=\"wp-block-columns alignwide is-layout-flex wp-container-core-columns-is-layout-65786054 wp-block-columns-is-layout-flex\">\n<div class=\"wp-block-column is-layout-flow wp-block-column-is-layout-flow\">\n<figure class=\"wp-block-image size-full ext-aspect-landscape ext-import\"><img loading=\"lazy\" decoding=\"async\" width=\"500\" height=\"500\" src=\"https:\/\/constructoraedimak.cl\/wp-content\/uploads\/2023\/11\/SERVICIOS_1.jpeg\" alt=\"\" class=\"wp-image-300 img-responsive\" srcset=\"https:\/\/constructoraedimak.cl\/wp-content\/uploads\/2023\/11\/SERVICIOS_1.jpeg 500w, https:\/\/constructoraedimak.cl\/wp-content\/uploads\/2023\/11\/SERVICIOS_1-300x300.jpeg 300w, https:\/\/constructoraedimak.cl\/wp-content\/uploads\/2023\/11\/SERVICIOS_1-150x150.jpeg 150w\" sizes=\"auto, (max-width: 500px) 100vw, 500px\" \/><\/figure>\n\n\n\n<h3 class=\"wp-block-heading has-text-align-center\" style=\"margin-top:24px;font-size:20px;line-height:1.5\">Topograf\u00eda<\/h3>\n\n\n\n<p class=\"has-text-align-center has-small-font-size\" style=\"margin-top:8px\">Alcantarillados, levantamientos topogr\u00e1ficos, curvas de nivel, etc.<\/p>\n<\/div>\n\n\n\n<div class=\"wp-block-column is-layout-flow wp-block-column-is-layout-flow\">\n<figure class=\"wp-block-image size-full ext-aspect-landscape ext-import\"><img loading=\"lazy\" decoding=\"async\" width=\"500\" height=\"500\" src=\"https:\/\/constructoraedimak.cl\/wp-content\/uploads\/2023\/11\/SERVICIOS_2.jpeg\" alt=\"\" class=\"wp-image-301 img-responsive\" srcset=\"https:\/\/constructoraedimak.cl\/wp-content\/uploads\/2023\/11\/SERVICIOS_2.jpeg 500w, https:\/\/constructoraedimak.cl\/wp-content\/uploads\/2023\/11\/SERVICIOS_2-300x300.jpeg 300w, https:\/\/constructoraedimak.cl\/wp-content\/uploads\/2023\/11\/SERVICIOS_2-150x150.jpeg 150w\" sizes=\"auto, (max-width: 500px) 100vw, 500px\" \/><\/figure>\n\n\n\n<h3 class=\"wp-block-heading has-text-align-center\" style=\"margin-top:24px;font-size:20px;line-height:1.5\">Urbanizaci\u00f3n de calles<\/h3>\n\n\n\n<p class=\"has-text-align-center has-small-font-size\" style=\"margin-top:8px\">Pavimentaci\u00f3n de calles, instalaci\u00f3n de soleras, construcci\u00f3n de veredas y veredones, \u00e1reas verdes, soluci\u00f3n de aguas lluvias.<\/p>\n<\/div>\n\n\n\n<div class=\"wp-block-column is-layout-flow wp-block-column-is-layout-flow\">\n<figure class=\"wp-block-image size-full ext-aspect-landscape ext-import\"><img loading=\"lazy\" decoding=\"async\" width=\"500\" height=\"500\" src=\"https:\/\/constructoraedimak.cl\/wp-content\/uploads\/2023\/11\/SERVICIOS_3.jpeg\" alt=\"\" class=\"wp-image-302 img-responsive\" srcset=\"https:\/\/constructoraedimak.cl\/wp-content\/uploads\/2023\/11\/SERVICIOS_3.jpeg 500w, https:\/\/constructoraedimak.cl\/wp-content\/uploads\/2023\/11\/SERVICIOS_3-300x300.jpeg 300w, https:\/\/constructoraedimak.cl\/wp-content\/uploads\/2023\/11\/SERVICIOS_3-150x150.jpeg 150w\" sizes=\"auto, (max-width: 500px) 100vw, 500px\" \/><\/figure>\n\n\n\n<h3 class=\"wp-block-heading has-text-align-center\" style=\"margin-top:24px;font-size:20px;line-height:1.5\">Construccion de casas<\/h3>\n\n\n\n<p class=\"has-text-align-center has-small-font-size\" style=\"margin-top:8px\">Dise\u00f1os, trazado y construcci\u00f3n de viviendas desde la fundaci\u00f3n hasta el t\u00e9rmino.<\/p>\n<\/div>\n<\/div>\n<\/div><\/div>\n\n\n\n<div class=\"wp-block-group alignfull has-background-background-color has-background\" style=\"padding-top:0;padding-right:0;padding-bottom:0;padding-left:0\"><div class=\"wp-block-group__inner-container is-layout-constrained wp-container-core-group-is-layout-c3361150 wp-block-group-is-layout-constrained\">\n<div class=\"wp-block-columns alignfull is-layout-flex wp-container-core-columns-is-layout-27d3582e wp-block-columns-is-layout-flex\">\n<div class=\"wp-block-column is-layout-flow wp-block-column-is-layout-flow\">\n<div class=\"wp-block-group alignfull is-content-justification-right\" style=\"padding-top:var(--wp--preset--spacing--60);padding-right:var(--wp--preset--spacing--40);padding-bottom:var(--wp--preset--spacing--30);padding-left:var(--wp--preset--spacing--40)\"><div class=\"wp-block-group__inner-container is-layout-constrained wp-container-core-group-is-layout-ba01c9ee wp-block-group-is-layout-constrained\">\n<h1 class=\"wp-block-heading has-text-align-center\" style=\"font-size:26px;font-style:normal;font-weight:500\"><a href=\"https:\/\/edimak.cl\/proyecto-en-curso\/\"><mark style=\"background-color:rgba(0, 0, 0, 0)\" class=\"has-inline-color has-black-color\">Proyecto en curso, Condominio Navidad, comuna de Pe\u00f1aflor<\/mark><\/a><\/h1>\n<\/div><\/div>\n\n\n\n<div class=\"wp-block-group alignfull has-tertiary-background-color has-background is-content-justification-right\" style=\"padding-top:var(--wp--preset--spacing--30);padding-right:var(--wp--preset--spacing--40);padding-bottom:var(--wp--preset--spacing--60);padding-left:var(--wp--preset--spacing--40)\"><div class=\"wp-block-group__inner-container is-layout-constrained wp-container-core-group-is-layout-c7488ca1 wp-block-group-is-layout-constrained\">\n<p class=\"has-text-align-center\" style=\"margin-top:16px\">Condominio Navidad.&nbsp; Ubicado en Navidad 79 en la comuna de Pe\u00f1aflor, proyecto terminado , 18 casas desde 94 m\u00b2 hasta 118 m\u00b2 , inicio de obra 2021. Fecha de finalizaci\u00f3n marzo 2025. Valor desde 3.490 UF hasta 4.200 UF<\/p>\n\n\n\n<div class=\"wp-block-buttons is-content-justification-center is-layout-flex wp-container-core-buttons-is-layout-7a9e43c9 wp-block-buttons-is-layout-flex\" style=\"margin-top:var(--wp--preset--spacing--30)\">\n<div class=\"wp-block-button\"><a class=\"wp-block-button__link has-text-align-center wp-element-button\" href=\"https:\/\/constructoraedimak.cl\/?page_id=316\"><mark style=\"background-color:rgba(0, 0, 0, 0)\" class=\"has-inline-color has-white-color\">VER FOTOS<\/mark><\/a><\/div>\n<\/div>\n<\/div><\/div>\n<\/div>\n\n\n\n<div class=\"wp-block-column is-layout-flow wp-block-column-is-layout-flow\">\n<div class=\"wp-block-cover is-light ext-import\" style=\"padding-top:var(--wp--preset--spacing--80);padding-bottom:var(--wp--preset--spacing--80);min-height:100%;aspect-ratio:unset;\"><img loading=\"lazy\" decoding=\"async\" width=\"1536\" height=\"1152\" class=\"wp-block-cover__image-background wp-image-305 img-responsive\" alt=\"\" src=\"https:\/\/constructoraedimak.cl\/wp-content\/uploads\/2023\/11\/proyecto_navidad.jpg\" data-object-fit=\"cover\" srcset=\"https:\/\/constructoraedimak.cl\/wp-content\/uploads\/2023\/11\/proyecto_navidad.jpg 1536w, https:\/\/constructoraedimak.cl\/wp-content\/uploads\/2023\/11\/proyecto_navidad-300x225.jpg 300w, https:\/\/constructoraedimak.cl\/wp-content\/uploads\/2023\/11\/proyecto_navidad-1024x768.jpg 1024w, https:\/\/constructoraedimak.cl\/wp-content\/uploads\/2023\/11\/proyecto_navidad-768x576.jpg 768w, https:\/\/constructoraedimak.cl\/wp-content\/uploads\/2023\/11\/proyecto_navidad-750x563.jpg 750w\" sizes=\"auto, (max-width: 1536px) 100vw, 1536px\" \/><span aria-hidden=\"true\" class=\"wp-block-cover__background has-background-dim-0 has-background-dim\"><\/span><div class=\"wp-block-cover__inner-container is-layout-constrained wp-block-cover-is-layout-constrained\">\n<p class=\"has-text-align-center has-large-font-size\"><\/p>\n<\/div><\/div>\n<\/div>\n<\/div>\n<\/div><\/div>\n\n\n\n<div class=\"wp-block-group alignfull has-background-background-color has-background\" style=\"margin-top:0;margin-bottom:0;padding-top:var(--wp--preset--spacing--60);padding-right:var(--wp--preset--spacing--30);padding-bottom:var(--wp--preset--spacing--60);padding-left:var(--wp--preset--spacing--30)\"><div class=\"wp-block-group__inner-container is-layout-constrained wp-container-core-group-is-layout-392eb801 wp-block-group-is-layout-constrained\">\n<div class=\"wp-block-group alignwide is-content-justification-center\"><div class=\"wp-block-group__inner-container is-layout-constrained wp-block-group-is-layout-constrained\">\n<p class=\"has-text-align-center\" style=\"margin-top:16px\">&#8220;Nos encontramos actualmente en la construcci\u00f3n de un nuevo condominio de casas ubicado en la comuna de Pe\u00f1aflor, Malloco, lo dejamos cordialmente invitado a concretar una visita a nuestra obra en curso para que conozca nuestro trabajo Atte.&#8221;<\/p>\n<\/div><\/div>\n\n\n\n<div class=\"wp-block-columns alignwide is-layout-flex wp-container-core-columns-is-layout-41e3e26a wp-block-columns-is-layout-flex\">\n<div class=\"wp-block-column is-layout-flow wp-block-column-is-layout-flow\"><div class=\"wp-block-image is-style-rounded ext-import\">\n<figure class=\"aligncenter size-full is-resized\"><img loading=\"lazy\" decoding=\"async\" width=\"1200\" height=\"1600\" src=\"https:\/\/constructoraedimak.cl\/wp-content\/uploads\/2025\/08\/PA1.jpg\" alt=\"\" class=\"wp-image-517 img-responsive\" style=\"width:110px;height:auto\" srcset=\"https:\/\/constructoraedimak.cl\/wp-content\/uploads\/2025\/08\/PA1.jpg 1200w, https:\/\/constructoraedimak.cl\/wp-content\/uploads\/2025\/08\/PA1-225x300.jpg 225w, https:\/\/constructoraedimak.cl\/wp-content\/uploads\/2025\/08\/PA1-768x1024.jpg 768w, https:\/\/constructoraedimak.cl\/wp-content\/uploads\/2025\/08\/PA1-1152x1536.jpg 1152w, https:\/\/constructoraedimak.cl\/wp-content\/uploads\/2025\/08\/PA1-750x1000.jpg 750w\" sizes=\"auto, (max-width: 1200px) 100vw, 1200px\" \/><\/figure>\n<\/div>\n\n\n<h4 class=\"wp-block-heading has-text-align-center\" style=\"margin-top:20px;font-size:18px\">Carlos Abarca<\/h4>\n\n\n\n<p class=\"has-text-align-center has-primary-color has-text-color has-small-font-size\" style=\"margin-top:4px\">Ingeniero en construcci\u00f3n<\/p>\n<\/div>\n<\/div>\n<\/div><\/div>\n\n\n\n<div class=\"wp-block-group alignfull has-background-color has-foreground-background-color has-text-color has-background\" style=\"margin-top:0;margin-bottom:0;padding-top:0;padding-right:0;padding-bottom:0;padding-left:0\"><div class=\"wp-block-group__inner-container is-layout-constrained wp-container-core-group-is-layout-f77d2fef wp-block-group-is-layout-constrained\">\n<div class=\"wp-block-media-text alignfull has-media-on-the-right is-stacked-on-mobile is-image-fill-element ext-import\"><div class=\"wp-block-media-text__content\">\n<div class=\"wp-block-group is-content-justification-right\" style=\"padding-top:var(--wp--preset--spacing--70);padding-right:0;padding-bottom:var(--wp--preset--spacing--70);padding-left:0\"><div class=\"wp-block-group__inner-container is-layout-constrained wp-container-core-group-is-layout-366949b7 wp-block-group-is-layout-constrained\">\n<h1 class=\"wp-block-heading has-background-color has-text-color\" style=\"margin-top:12px\">VISITANOS<\/h1>\n\n\n\n<p>Navidad 79, Pe\u00f1aflor<\/p>\n\n\n\n<p><a href=\"mailto:contacto@constructoraedimak.cl\"><mark style=\"background-color:rgba(0, 0, 0, 0)\" class=\"has-inline-color has-white-color\">contacto@constructoraedimak.cl<\/mark><\/a><\/p>\n\n\n\n<p>+56 9 2092 8098<\/p>\n\n\n\n<p>+56 9 5829 9766<\/p>\n<\/div><\/div>\n<\/div><figure class=\"wp-block-media-text__media\"><img decoding=\"async\" src=\"https:\/\/images.unsplash.com\/photo-1603239564387-c5b5ea6f635e?fit=crop&amp;crop=entropy%2Cfaces&amp;auto=format%2Ccompress&amp;w=1280\" alt=\"\" style=\"object-position:50% 50%\"\/><\/figure><\/div>\n<\/div><\/div>\n\n\n\n<html>\n<head>\n<style>\n.center {\n  margin: auto;\n  width: 50%;\n  border: 0px;\n  padding: 10px;\n}\n<\/style>\n<!-- Google Tag Manager -->\n<script>(function(w,d,s,l,i){w[l]=w[l]||[];w[l].push({'gtm.start':\nnew Date().getTime(),event:'gtm.js'});var f=d.getElementsByTagName(s)[0],\nj=d.createElement(s),dl=l!='dataLayer'?'&l='+l:'';j.async=true;j.src=\n'https:\/\/www.googletagmanager.com\/gtm.js?id='+i+dl;f.parentNode.insertBefore(j,f);\n})(window,document,'script','dataLayer','GTM-WHM7QZJ5');<\/script>\n<!-- End Google Tag Manager -->\n<\/head>\n<body>\n\n<div class=\"center\">\n<iframe src=\"https:\/\/www.google.com\/maps\/embed?pb=!1m18!1m12!1m3!1d3322.972650889181!2d-70.85641618931443!3d-33.606014073217075!2m3!1f0!2f0!3f0!3m2!1i1024!2i768!4f13.1!3m3!1m2!1s0x9662e72c9db6b9bd%3A0x4b98a3b2daf55f84!2sNavidad%2079%2C%20Penaflor%2C%20Pe%C3%B1aflor%2C%20Regi%C3%B3n%20Metropolitana!5e0!3m2!1ses-419!2scl!4v1700241650885!5m2!1ses-419!2scl\" width=\"600\" height=\"450\" style=\"border:0;\" allowfullscreen=\"\" loading=\"lazy\" referrerpolicy=\"no-referrer-when-downgrade\"><\/iframe>  \n\n<\/div>\n<!-- Google Tag Manager (noscript) -->\n<noscript><iframe src=\"https:\/\/www.googletagmanager.com\/ns.html?id=GTM-WHM7QZJ5\"\nheight=\"0\" width=\"0\" style=\"display:none;visibility:hidden\"><\/iframe><\/noscript>\n<!-- End Google Tag Manager (noscript) -->\n\n<\/body>\n<\/html>\n","protected":false},"excerpt":{"rendered":"<p>Nuestros Servicios Topograf\u00eda Alcantarillados, levantamientos topogr\u00e1ficos, curvas de nivel, etc. Urbanizaci\u00f3n de calles Pavimentaci\u00f3n de calles, instalaci\u00f3n de soleras, construcci\u00f3n de veredas y veredones, \u00e1reas verdes, soluci\u00f3n de aguas lluvias. Construccion de casas Dise\u00f1os, trazado y construcci\u00f3n de viviendas desde la fundaci\u00f3n hasta el t\u00e9rmino. Proyecto en curso, Condominio Navidad, comuna de Pe\u00f1aflor Condominio Navidad.&nbsp; &#8230; <a href=\"https:\/\/constructoraedimak.cl\/\" class=\"more-link text-uppercase small\"><strong>Seguir leyendo<\/strong> <i class=\"fa fa-angle-double-right\" aria-hidden=\"true\"><\/i><\/a><\/p>\n","protected":false},"author":1,"featured_media":0,"parent":0,"menu_order":0,"comment_status":"closed","ping_status":"closed","template":"template_pagebuilder.php","meta":{"footnotes":""},"class_list":["post-10","page","type-page","status-publish","hentry"],"_links":{"self":[{"href":"https:\/\/constructoraedimak.cl\/index.php?rest_route=\/wp\/v2\/pages\/10","targetHints":{"allow":["GET"]}}],"collection":[{"href":"https:\/\/constructoraedimak.cl\/index.php?rest_route=\/wp\/v2\/pages"}],"about":[{"href":"https:\/\/constructoraedimak.cl\/index.php?rest_route=\/wp\/v2\/types\/page"}],"author":[{"embeddable":true,"href":"https:\/\/constructoraedimak.cl\/index.php?rest_route=\/wp\/v2\/users\/1"}],"replies":[{"embeddable":true,"href":"https:\/\/constructoraedimak.cl\/index.php?rest_route=%2Fwp%2Fv2%2Fcomments&post=10"}],"version-history":[{"count":44,"href":"https:\/\/constructoraedimak.cl\/index.php?rest_route=\/wp\/v2\/pages\/10\/revisions"}],"predecessor-version":[{"id":539,"href":"https:\/\/constructoraedimak.cl\/index.php?rest_route=\/wp\/v2\/pages\/10\/revisions\/539"}],"wp:attachment":[{"href":"https:\/\/constructoraedimak.cl\/index.php?rest_route=%2Fwp%2Fv2%2Fmedia&parent=10"}],"curies":[{"name":"wp","href":"https:\/\/api.w.org\/{rel}","templated":true}]}}